- 5*n - 4, 5*g - n + 3 = -5. Let s be (g/(-2))/((-4)/(-60)). Calculate the greatest common factor of 165 and s.
15
Let q(l) = -l**3 - 7*l**2 - 6*l + 7. Let u be q(-5). Let n = 15 + u. Let s be 1 - (n + 7/(-1)). Calculate the highest common factor of 3 and s.
3
Let s(v) = 4*v**2 + 31*v + 31. Let b(u) = -2*u**2 - 15*u - 16. Let i(a) = -5*b(a) - 3*s(a). Let n be i(-7). What is the greatest common divisor of n and 105?
15
Suppose -3*x - k + 3719 = 0, -1619 - 871 = -2*x + 2*k. What is the greatest common divisor of 34 and x?
17
Let u(l) = -l + 8. Let d(b) = -1. Let f(x) = -3*d(x) + u(x). Let w be f(9). What is the greatest common divisor of 9 and w?
1
Suppose 18*z - 6*z - 3132 = 0. Calculate the greatest common factor of z and 58.
29
Let s(h) = -2*h - 50. Let k be s(-12). Let g = k - -46. Calculate the highest common factor of g and 140.
20
Let x(l) = 30*l - 1. Let a be x(-1). Let k = a + 34. What is the greatest common divisor of k and 12?
3
Suppose 12*g + 174 = 4*j + 14*g, -5*j - 3*g + 216 = 0. Calculate the highest common divisor of j and 144.
9
Suppose 0*h = -3*h + 18. Calculate the greatest common divisor of h and 24.
6
Suppose -356*b - 17490 = -366*b. Calculate the greatest common factor of 33 and b.
33
Let x be (-17 - -7)/((-1)/2). Suppose -5*h = -10 - x. Suppose i + h - 15 = 0. Calculate the highest common divisor of 9 and i.
9
Let j(s) = -2*s**2 - 1. Let i be j(1). Let p = i + 3. Suppose 7*o - 2*o - 30 = p. What is the highest common factor of 2 and o?
2
Suppose 0 = -4*n - 7*n + 517. Calculate the highest common divisor of n and 1269.
47
Let n(d) = 2*d**2 - 7*d + 6. Let u be n(5). Suppose 43*o + 365 - 1268 = 0. Calculate the highest common factor of o and u.
21
Let m = 13 - -37. Suppose -2*g + 63 = -j, 0 = -7*j + 4*j - 9. What is the greatest common divisor of g and m?
10
Suppose 21 + 11 = 4*w. Let i(g) = g**3 - 8*g**2 + 2*g - 14. Let a be i(w). Let f = 28 + a. What is the highest common factor of 5 and f?
5
Let m = 7 + -6. Let r(p) = p**3 + 3*p**2 - 4*p - 5. Let u be r(-1). Calculate the highest common divisor of u and m.
1
Let f = -423 - -18. Let h(k) = -k**3 - 36. Let z be h(0). Let s be (-6)/(-8) + f/z. Calculate the greatest common factor of 36 and s.
12
Let z(x) = -x**3 - 12*x**2 - 13*x - 18. Let y be z(-11). What is the highest common factor of 24 and y?
4
Suppose 126 = 2*x - m, 3*x - 189 = m - 0*m. Let f(a) = a. Let w be f(1). Let t = w - -6. Calculate the highest common factor of x and t.
7
Let q be (0 - 0) + 1*35. Suppose 31*t + 15 = 26*t. Let g be 11 + (24/(-18) - (-8)/t). Calculate the highest common factor of q and g.
7
Let b = 43 + -75. Let q = 2 - 52. Let y = b - q. What is the greatest common factor of 2 and y?
2
Suppose 0 = 22*j - 301 - 755. What is the highest common divisor of j and 16?
16
Let l(n) = n**2 - 17*n - 75. Let j be l(21). Calculate the greatest common factor of 9 and j.
9
Suppose 3*t + 0*s = -4*s + 33, t + 2*s = 11. Suppose l + t = 33. What is the highest common factor of l and 77?
11
Let n be ((-2)/(-6) - -1)/((-38)/(-2508)). What is the highest common factor of 32 and n?
8
Let u be 6/(-15) + (-202)/(-5). Let b = -23 - -18. Let s be (-750)/9*6/b. What is the greatest common factor of u and s?
20
Let h = 248 + -96. Let k = -4818 + 4826. What is the greatest common factor of h and k?
8
Let d = -160 - -169. Let s(z) = -z**3 + 7*z**2 - 7*z + 7. Let m be s(6). Calculate the highest common divisor of d and m.
1
Let j be (-4)/(-6) - 8/(-6). Let o(k) = -7*k**3 - 5*k**2 + 2*k**2 + 4*k**2 + j - 22*k**3 + 2*k. Let h be o(-1). What is the greatest common divisor of 75 and h?
15
Let i = 548 + -517. Calculate the highest common divisor of 2 and i.
1
Let z be (-2)/(-4) + (-31)/(-2). Suppose 55*m = 63*m - 320. Calculate the highest common factor of m and z.
8
Let w(l) = 4*l**2 + 28*l + 52. Let g be w(-2). Let b(q) = q**3 + q**2 - q + 24. Let m be b(0). What is the highest common divisor of m and g?
12
Let z(l) = -l + 24. Let v be z(10). Calculate the highest common factor of 7 and v.
7
Suppose 1439 = 4*f + 3*u, 2*f - 2*u - 730 = -0*u. Let n be f/3 - (-4)/(-6). What is the greatest common divisor of n and 15?
15
Let v be 4/(-14) + (-184)/(-7) - 6. What is the highest common factor of 185 and v?
5
Suppose 0 = -3*s + 690 - 63. What is the highest common factor of 38 and s?
19
Suppose 2*b = 7*a - 3*a + 28, 3*a + 33 = 3*b. Calculate the highest common divisor of 120 and b.
8
Suppose 20*s = 19*s - 8, -4*a + 4*s = -68. Let f be 0 - 1 - 0 - -10. Calculate the greatest common divisor of a and f.
9
Let k(f) = 2*f - 20. Let v be k(-13). Let b = v + 61. What is the greatest common factor of b and 15?
15
Suppose 26*m = 32*m - 102. Calculate the greatest common factor of m and 289.
17
Let y(z) = -3*z - 3. Let d be y(-3). Let u be ((-2)/3)/(3/54). Let n be (-2)/(1 - (-20)/u). Calculate the greatest common divisor of n and d.
3
Let u(i) = i**3 + 15*i**2 + 48*i + 7. Let h be u(-7). What is the greatest common factor of h and 81?
9
Suppose 2*u = -9*z + 4*z + 6141, -z - 9169 = -3*u. Calculate the greatest common factor of u and 22.
22
Suppose 18*s - 12 = 14*s. Suppose -s*d = -7*d. Suppose -y + l - 17 + 74 = d, 66 = y + 2*l. What is the greatest common factor of 24 and y?
12
Suppose 13*t + 34 - 658 = 0. What is the greatest common divisor of 48 and t?
48
Suppose -5*z + 754 = -126. Suppose -i = p - 20, 3*p + 36 = 2*i + i. What is the greatest common factor of i and z?
16
Suppose 4*p = 2*m + 8, 0*p = -5*m - 5*p + 25. Suppose -m*v + 3 = -19. What is the highest common factor of 55 and v?
11
Let s be 33/6 + 45/(-18). What is the highest common divisor of s and 111?
3
Let u = -52 + 87. Let f be 200/15 + 6/9. Calculate the greatest common divisor of f and u.
7
Suppose -7*r + 6*r = 5, -3*x - 4*r = -112. What is the highest common divisor of 418 and x?
22
Let v be ((-24)/(-8))/(6/4). Let l(w) = -w - 83*w - v - 12*w. Let d be l(-3). What is the highest common divisor of d and 26?
26
Let j = -25 + 48. Suppose t = -2*o + 13, 2*o + 4*t = j + 5. Let i = 13083 + -13082. What is the highest common factor of i and o?
1
Let d(l) = -l**3 - 10*l**2 + 10*l + 11. Let q be d(-11). Calculate the greatest common divisor of q and 187.
11
Suppose 4*v + 972 = 10*v. Suppose 90 = 2*h + 3*h. What is the highest common factor of h and v?
18
Let c be (189/(-36))/(9/(-1488)). Calculate the highest common divisor of 28 and c.
28
Suppose 0 = -3*w + 1029 + 315. What is the highest common divisor of w and 14?
14
Suppose -1362 = 5*v - 1587. Calculate the greatest common divisor of v and 36.
9
Let q(z) = 218*z**2 + 7*z - 8. Let n be q(1). Calculate the greatest common factor of 62 and n.
31
Suppose 1132*r + 745 = 1137*r. What is the greatest common divisor of 1 and r?
1
Suppose -4*w - 5 - 9 = r, 0 = -5*r + 5*w + 55. Suppose 0*q - 5*q = -20. Suppose 0*a = -a - q, -v + 20 = a. Calculate the greatest common factor of r and v.
6
Suppose 3*i = 5*y + 42 + 16, -i + y = -18. Let j = -4 - -6. What is the highest common divisor of j and i?
2
Let j be (-1)/(2 + (0 - (-21)/(-9))). Suppose 144 = 5*n - j*k, 0*n + 2*k - 21 = -n. Calculate the greatest common divisor of n and 18.
9
Let i = 167 - -472. Calculate the greatest common factor of 18 and i.
9
Let x = 6 - -22. Let o = -11 + 24. Suppose -o*q + 211 = 29. What is the highest common divisor of q and x?
14
Suppose -5*h + 350 + 200 = 0. Let q = h + -75. Calculate the highest common divisor of 7 and q.
7
Let h be (4/(-6))/((-10)/7725). Let a = -243 + h. Suppose o + o = a. Calculate the greatest common divisor of o and 17.
17
Suppose -i = o - 5, -5*i - o + 16 - 3 = 0. Let s(x) = 2 + x - 5 - 2*x**3 - i*x**2 - 3*x + 5*x. Let j be s(-3). What is the greatest common factor of 6 and j?
6
Let x = -12 - -5. Let v(y) = -y + 3. Let z(n) = 2. Let m(j) = 4*v(j) - 10*z(j). Let f be m(x). Calculate the highest common factor of f and 8.
4
Let o = 24 - -1. Calculate the greatest common divisor of o and 30.
5
Suppose 66*f - 26*f - 400 = 0. Suppose -4*d + 43 - 3 = 0. Calculate the greatest common divisor of f and d.
10
Suppose -1 = 4*m - 5. Let h(d) = 19*d**2 + d. Let n be h(m). Let g be 29 + -1 + (-4)/(-2). What is the greatest common factor of g and n?
10
Suppose r - 101 = -3*t - 0*t, 0 = -3*t - 4*r + 116. Let k(n) = -7*n**3 + n**2 - n - 1. Let o be k(-1).